re the prime factors of s?
3, 59
Suppose 0 = -3*n - 3*q + 312, -3*n + 3*q = 2*n - 520. Suppose 230 = 7*f + n. What are the prime factors of f?
2, 3
What are the prime factors of 44/14 + -3 - (-20)/7 - -2848?
2851
Suppose -411 = 20*u + 389. List the prime factors of u/(-200) - 12128/(-10).
1213
Let t(c) = -c**3 + c**2 - 89*c - 608. What are the prime factors of t(-6)?
2, 89
Suppose 2*q + 2*b - 6 = 0, 16 = 5*q - 4*b - 8. List the prime factors of 77308/56 + (-2)/q.
2, 3, 5, 23
Let r be -10*(-1)/4*24/10. Suppose r*w - 2094 = 78. List the prime factors of w.
2, 181
Suppose -g + 1388 = 4*v - 0*v, g - 1403 = v. What are the prime factors of g?
2, 5, 7
List the prime factors of ((-31376304)/(-13080))/((-206)/(-200) - 1).
2, 5, 1999
Let i = 4774 + 12964. What are the prime factors of i?
2, 7, 181
Suppose 7*m + 84 = 10*m. What are the prime factors of (-12)/m + (-4486)/(-14)?
2, 5
Suppose 21*z = 26*z - 5*m - 89345, 2*m + 89369 = 5*z. List the prime factors of z.
3, 59, 101
Let a = 149143 + -97757. List the prime factors of a.
2, 25693
Let p = -22704 - -45239. List the prime factors of p.
5, 4507
Let m(i) = 7*i + 8. Let x be m(4). Suppose 0 = 2*f - 6, 4*t + 2*f = 10 + x. List the prime factors of t.
2, 5
Let s(v) = 2*v**2 - 9*v + 18. Let a be s(6). Suppose -27486 = -a*b - 7002. List the prime factors of b.
569
Suppose -67093 = 727*p - 728*p + 3*j, 4*p + j = 268424. What are the prime factors of p?
5, 13421
Let x(i) be the third derivative of -i**5/60 + 17*i**4/24 + 3*i**3/2 + 19*i**2. Let z be x(14). What are the prime factors of z + 2/(-1)*(-3)/3?
53
Let b = -10 + 5. Let k(i) = -35*i - 26*i - 31*i + 2*i**3 + 6 - 3*i**3 + 99*i. List the prime factors of k(b).
2, 3
Suppose -f + 7 = h - 3, -22 = -3*h - f. Suppose -235 = h*i - 3019. What are the prime factors of i?
2, 29
Let n(b) = 15*b**2 - 51*b - 139. List the prime factors of n(19).
59, 73
Let s be ((-3)/(-9))/(6/(-45))*-8. Suppose -21*u + 975 = -s*u. What are the prime factors of u?
3, 5, 13
Suppose 2*i + 9*w - 8 = 4*w, i = 4*w - 9. What are the prime factors of i/2 - 8334/(-36)?
3, 7, 11
Let c(k) = 2158*k**2 + 74*k + 199. List the prime factors of c(-3).
19, 1021
Suppose c = -3*b - 3*c - 57, 51 = -3*b - 2*c. Let u = -7 - -5. What are the prime factors of u/(18/b - -1)?
2, 5
Suppose 3*z + 1201 = 4*z - 5*l, 0 = -2*l + 8. Suppose 81*t - 84*t + z = 0. What are the prime factors of t?
11, 37
Suppose 0 = -47*s + 48*s - 2. Suppose -s*i - 2*i = 24. List the prime factors of i/(-4 - -6) + 25.
2, 11
Suppose -20*u + 30 = -18*u. Let b(t) = t**2 - 16*t + 14. Let p be b(u). List the prime factors of 1065/10 + p/2.
2, 53
Let k = -617 + 365. Let l = 355 + k. Suppose 0 = 3*t - 113 - l. What are the prime factors of t?
2, 3
Suppose 18635 = -16*k + t + 112092, 23366 = 4*k - 2*t. What are the prime factors of k?
3, 11, 59
Let f(x) be the first derivative of 13*x**3 + 3*x**2/2 + 5*x + 2. Let l = -467 + 465. What are the prime factors of f(l)?
5, 31
Let m = 304 + 2562. What are the prime factors of m?
2, 1433
Let c(z) = -3*z - 67. Let y be c(-22). What are the prime factors of 5/20*730*(1 - y)?
5, 73
Let m = 59342 - 29548. What are the prime factors of m?
2, 14897
Let a(t) = 57*t**2 + 1012*t + 5. What are the prime factors of a(-18)?
257
Suppose 4*o - 3383 = 2*o + 8503. What are the prime factors of o?
3, 7, 283
Let d(o) be the third derivative of -o**4/4 + 10*o**2. Let x be d(-1). List the prime factors of x/9 + (-44)/(-6).
2
Let n(b) = -9*b**2 - 30*b + 27. Let h(t) = 19*t**2 + 62*t - 53. Let f(c) = -6*h(c) - 13*n(c). List the prime factors of f(-10).
3, 29
Let d(q) = 19*q**3 - q**2 - q + 1. Let v be d(1). Let p be (-1)/((-15)/v - 4/(-6)). Let u(o) = 18*o + 7. What are the prime factors of u(p)?
5, 23
Suppose -t = -25*t + 168408. What are the prime factors of t?
3, 2339
Suppose 2*g - 44 + 8 = -q, 0 = 3*q. Suppose -g*h + 11*h = -7175. What are the prime factors of h?
5, 41
List the prime factors of 152/(-190)*(3 + (-13898 - -5)).
2, 3, 463
Let v = 63 - 78. Let c(n) = n**2 + 2*n + 19. Let q be c(v). Suppose 3*b - q = -7. What are the prime factors of b?
3, 23
Let s(t) = t**2 + 21*t + 57. Let v be s(15). Suppose -3*f - v = -5*z - 7*f, -5*z + 609 = -2*f. What are the prime factors of z?
11
Let p = -3548 - -4067. List the prime factors of p.
3, 173
Let h be (5/(-2))/((-5)/160). Let i be (-2)/3 - 832/12. Let z = h + i. List the prime factors of z.
2, 5
What are the prime factors of (-7)/(-21) + ((-1)/(-3))/(18/1095642)?
2, 5, 2029
Let l be (-7 + 6)/(3/(-753)). Suppose 0 = z - 417 - l. Suppose -79*m = -75*m - z. What are the prime factors of m?
167
Let y(u) = 2*u**3 - 19*u**2 + 11. Let a be y(13). Suppose 5*m - 2*m - a = 0. List the prime factors of m.
2, 199
Let t be (1 - 5) + (-487 - (-8 - -4)). What are the prime factors of (t/1)/(41 - 42)?
487
Suppose -4*a - u - 4038 = -0*u, -3*a + 4*u = 3038. Let h = a + 1800. What are the prime factors of h?
2, 5, 79
Let r = -27 - -42. Suppose -n + 17 = r. Suppose a + n*x = 93, -4*a - x = 4*x - 357. List the prime factors of a.
83
Let h(a) = -49*a + 91*a - 39 + 137*a. Let j be h(-4). List the prime factors of j/(-10) + -5 + (-2)/4.
2, 5, 7
List the prime factors of ((-1)/2 + (-4041)/54)*(-79 + -95).
2, 29, 113
Let h be 9/(36/(-2078))*2. What are the prime factors of (-3 - (10 - 12))/(1/h)?
1039
Suppose 35*o - 32*o = -5*o + 253216. List the prime factors of o.
2, 41, 193
Let w(y) = -6*y - 137. Let k be w(-24). Suppose -k*u = u - 2240. List the prime factors of u.
2, 5, 7
Let i(c) = -c**3 - 4*c**2 + 5*c + 27. Let b be i(-3). Suppose 22*k - 3075 = -b*k. List the prime factors of k.
3, 41
What are the prime factors of 6/(264/770)*652/5?
2, 7, 163
Let w be ((1 - 1) + -416)*(-51)/102. Let a = w - 291. Let v = 199 + a. List the prime factors of v.
2, 29
Suppose 0 = -5*k - 5, -5*s - 3*k = -5*k - 1037. Let l = -2 + s. Suppose c + 3*i = 49, 2*c - 5*i = -3*c + l. What are the prime factors of c?
43
Let m(q) = 5423*q**2 + 48*q - 4. What are the prime factors of m(1)?
7, 11, 71
Suppose -219*n + 225*n = 276. List the prime factors of 66/759 + 78748/n.
2, 107
Suppose 0 = 3*h - 2*p - 60099, -p = 7*h - 65190 - 75075. List the prime factors of h.
3, 6679
Let v = -219 + 224. Suppose 5052 = 4*z - 3*x, -5*z + 6338 = -v*x + 7*x. List the prime factors of z.
2, 3, 211
Suppose -19*j + 4 - 19061 = 0. Let q = -927 - j. What are the prime factors of q?
2, 19
Let v(o) = 2*o**3 - 9*o**2 + 25*o - 21. What are the prime factors of v(19)?
3, 11, 331
Let d(u) = 5*u**2 - 6*u - 11. Suppose 3*y - 15 = -2*y. Suppose q + 19 = y*q - 3*t, t + 18 = 3*q. List the prime factors of d(q).
2, 3, 7
Suppose 84 - 28 = -7*s. Let k(d) = -62*d - 29. List the prime factors of k(s).
467
What are the prime factors of 12462 - -185 - 1*(-1 + 7)?
12641
Let u(c) = 6*c**2 + 6. Suppose 7*y = 8*y - 7. Let t be (-1 + 2)/(y/(-35)). What are the prime factors of u(t)?
2, 3, 13
Suppose 68*x + 25*x = -26*x + 1352673. List the prime factors of x.
3, 421
Let g = -4256 - -8363. Suppose -11*m = 631 - g. What are the prime factors of m?
2, 79
Let i(f) = f**2 - 8*f - 2. Let r be i(8). Let g(m) = 2*m**2 + 3*m + 2. Let y be g(r). Suppose y*p - 106 + 14 = 0. List the prime factors of p.
23
Let k be (-6)/(2/12*-4). Suppose -2*h + 5*f + k = 0, -4*h = -5*h + 5*f + 7. Suppose h*s - 306 = -s. List the prime factors of s.
2, 3, 17
Let x = -18510 + 26671. List the prime factors of x.
8161
Suppose 2*b = 149*b - 2911188. List the prime factors of b.
2, 4951
Let y = 20331 - -9753. What are the prime factors of y?
2, 3, 23, 109
Suppose n - 16577 = -5*a, -10*n + 13*n + a = 49759. What are the prime factors of n?
3, 19, 97
Let w(o) = o**2 + 104*o - 1649. List the prime factors of w(78).
12547
Suppose 0 = 85*i - 16041 - 428339. What are the prime factors of i?
2, 1307
Let j = 222 - -3760. List the prime factors of j.
2, 11, 181
Suppose -23*g = y - 28*g + 10, -2*y - 4*g + 8 = 0. Suppose -v - 4*v + 15 = y, 2*i + 3*v - 297 = 0. List the prime factors of i.
2, 3
Suppose 0 = 4*n + z - 47, -n - 3*z = -6*n + 46. Suppose c = n*c. Suppose c = -t - 7*t + 1000. What are the prime factors of t?
5
Let o = 2583 + -2254. List the prime factors of o.
7, 47
Let y(x) = 12*x - 4. Let n(p) = p**2 - 28*p + 28. Let t be n(27). Let g be y(t). Suppose 0 = -g*k + 3*k + 1005. What are the prime fac